= -b**2 + 6*b + 20. Let w be v(0). Suppose -2*o - 2*o = -w. Suppose -o*f + 7 = 2*p + p, 5*f + 21 = 4*p. Let n(l) = 19*l**3 + l. Determine n(f).
-20
Let o(q) = 12*q - 183 - 122 + 406 - 181. Calculate o(6).
-8
Let m(c) be the first derivative of 3*c + 149 + 3*c**2 + 1/3*c**3. What is m(-4)?
-5
Let d(b) = b + 8. Let f be (35 + -1)*1/(-8)*-4. Suppose 67 = -5*c + f. What is d(c)?
-2
Let y(x) = -x**2 - 11*x - 8. Suppose -5*z - 9*c - 46 = -5*c, 4*z - c = -20. Let g be (12/16)/(z/72). Determine y(g).
10
Suppose -2 = -18*w + 19*w. Let j(l) = -l**2. Let o be j(0). Let i(f) = -2 + o*f - 4*f + 2*f - 3*f. Determine i(w).
8
Let n(l) = l + 7. Let a(m) = m + 6. Let h(y) = 5*a(y) - 6*n(y). Let f be (-3 - -19) + -6 - 0. Suppose f - 106 = 8*c. Determine h(c).
0
Suppose 30*n + 7*n - 23*n = 210. Let x(y) = -y**3 + 16*y**2 - 10*y - 75. What is x(n)?
0
Let x(g) = 2*g + 11. Let f be x(2). Let b(j) = -22 - 16 + 2*j + 50 - f. Give b(5).
7
Let i = 3374 - 3368. Let t(g) = g**2 - 17*g + 51. What is t(i)?
-15
Let q(v) be the second derivative of -5*v**3/6 + 17*v**2/2 - 69*v. What is q(6)?
-13
Let m = -488 + 492. Let w(i) = i**2 + i**3 + 4*i + m*i**2 + 4*i**2 - 3 + 0*i**2 - 12*i**2. Calculate w(2).
1
Suppose -3*x - 1 = 2. Let q be (x/1)/((-2)/(-2)). Let j(c) = -13 + 275 + c - 132 + 0*c - 131. Determine j(q).
-2
Suppose 2*o = -2*o - 4*r - 72, o + 30 = -5*r. Let z = o + 17. Let h(v) = 13*v + 66 + 0*v**2 - 60 + v**z. Determine h(-12).
-6
Suppose 0 = 10*g - 53 - 17. Let l(q) = 3*q**2 - 21*q - 32. Let k(c) = -c**2 + 7*c + 11. Let z(y) = 11*k(y) + 4*l(y). What is z(g)?
-7
Let v = 90 + -88. Suppose -733 - 543 = -4*y - 4*h, 4*h = -y + 325. Let l(s) = 0*s**2 + y - 5*s**2 - 315. Calculate l(v).
-18
Let h(o) = -83*o**2 + 8*o - 28. Let y(u) = 187*u**2 - 14*u + 57. Let f(i) = -9*h(i) - 4*y(i). Let w = -20 - -3. Give f(w).
7
Suppose -9*p + 8*p = -24. Let h(d) = -23*d + p*d - d**3 + 22 - 6 + 23*d**2 + 2*d**3. Let x be h(-23). Let y(m) = m + 8. Determine y(x).
1
Let r(l) = 7*l. Let f(k) = 2 - 3 + 4*k**2 - 2 - 7*k + 2. Let m be f(2). Determine r(m).
7
Let o(t) = 2*t**3 - 23*t**2 + 11*t + 3. Let d be o(11). Let x(z) be the second derivative of 0 - z**2 - 1/4*z**4 - 14*z + 1/6*z**d. Calculate x(2).
-12
Let r = 72 - 69. Suppose 35*z - r = 36*z. Let x(d) be the first derivative of d**2/2 - 6. What is x(z)?
-3
Let g(i) be the second derivative of -i**5/20 - i**4 - i**3/2 - 11*i**2/2 - 307*i. Let l(z) = -z**3 + 46*z**2 - 4*z + 172. Let r be l(46). What is g(r)?
25
Let v(h) = -3*h + 1. Let t(m) = 3*m - 1. Let d(c) = -6*t(c) - 5*v(c). Suppose 18*q - 74 - 111 = -113. What is d(q)?
-11
Let n(u) = 4*u. Let d be n(-1). Let b(s) be the second derivative of 4 + 1/2*s**2 + 7/6*s**3 - 22*s. What is b(d)?
-27
Suppose -9*h + d = -5*h + 7, 2*h = -4*d - 26. Let t be (168/(-56))/(h/(-5)). Let n(m) = 4*m + 3. Determine n(t).
-17
Let u(r) = -4*r**2 + 9*r - 7. Let v be u(3). Let m(i) = 3*i + 50. Let x be m(v). Let q be (-6 - -10)*(-4 + x/1). Let c(a) = -a**2 - 7*a + 6. Determine c(q).
-2
Let b(t) be the second derivative of t**4/12 - t**3/6 + 7*t**2/2 + 173*t - 3. Determine b(-3).
19
Let n(j) = -j**3 + j**2 - j - 8. Suppose 7 - 97 = -5*l. Suppose 12*k - l = -18. Give n(k).
-8
Suppose -164*t + 2485 - 845 = 0. Let w(f) = f**3 - 7*f**2 - 33*f + 25. Calculate w(t).
-5
Suppose 9*y - 3*q = 5*y + 191, -4*q + 162 = 3*y. Suppose -2*c = c + 6, -5*p - y = 5*c. Let o(u) = 2*u + 12. What is o(p)?
-4
Let p(c) = -c**2 - 11*c + 526. Let z be p(-29). Let x(k) = k**3 - 2*k**2 + 2*k + 2. What is x(z)?
42
Let b(d) = 2*d**3 - 13*d**2 + 13*d + 1. Let k(m) = -m**3 - m**2 - m + 2. Let h(c) = b(c) + k(c). Determine h(13).
-10
Let f = -310 + 312. Let k(d) = 0 - 1 + 0*d - 3*d**2 + f*d. Give k(2).
-9
Let v(x) be the third derivative of x**5/30 - 7*x**4/12 - x**3 - 5*x**2 - 102. Let c(a) = a**2 + a + 7. Let d be c(0). What is v(d)?
-6
Let o(a) = -2 - 3*a + 52339*a**2 - 26165*a**2 - 3*a - 26175*a**2. Determine o(-4).
6
Let b = 24 + -17. Let l(j) = -2 + j**2 + 9 + 4 + 7*j - b. Determine l(-5).
-6
Let m(f) = 101*f - 495. Let x(b) = 14*b - 68. Let g(v) = -2*m(v) + 15*x(v). What is g(7)?
26
Let x(t) be the first derivative of 16*t - 443 - t**2 - 4*t + 460. Calculate x(9).
-6
Let i(b) = 41 + 219*b**3 - 106 + 3*b - 21*b**2 - 218*b**3. Calculate i(21).
-2
Let a(v) = -v + 9. Let l be a(5). Let r be ((-2)/3)/(l/(-30)). Let i(c) be the second derivative of c**3/6 + c**2/2 - c + 342. What is i(r)?
6
Let g(t) = -2*t**2 + 42*t - t**2 + 22 + 4*t**2 + t**2 - 27*t. Calculate g(-6).
4
Let y(x) = -x**3 + 19*x**2 - x + 11. Suppose -686 + 570 = -58*n + 986. Determine y(n).
-8
Let b(j) = -3*j - 38. Let u be b(7). Let k = -53 - u. Suppose 9*p - 69 = -k. Let c(f) = f**3 - 6*f**2 - 6*f + 6. Calculate c(p).
13
Suppose -4*c = d - 8 - 7, -2*d + 18 = 2*c. Let y(w) = -d*w**2 - 4*w - 9*w**3 + 7*w**3 + w**3 + 8. What is y(-6)?
-4
Let h(k) = -k + 6. Let c be h(0). Let t = c + -6. Let i(o) = 4 - 3592*o + 7196*o + 4 - 3603*o. Give i(t).
8
Let t(o) be the first derivative of o**4/4 + 5*o**3 + 8*o**2 + 6*o - 877. Determine t(-14).
-22
Let s(v) = -v**2 + 8*v - 3. Let w be s(6). Let l(b) be the first derivative of b**2/2 - 9*b - 1798. Determine l(w).
0
Suppose -4*h + 41 = o, 5*o - 174 = -h - 7. Let x(g) = 123*g + 6. Let d(j) = -15*j - 1. Let v(s) = o*d(s) + 4*x(s). Determine v(-4).
3
Let w be (-15)/10 - (-81)/6*3. Let x be (-2)/(-5) + 12/(-30). Suppose x = 4*j - 3*a + w, j - 3*a + 26 = a. Let h(s) = -2*s - 8. Calculate h(j).
4
Let u(b) be the third derivative of -b**7/5040 + b**6/36 + 3*b**5/20 + 21*b**2. Let n(p) be the third derivative of u(p). Determine n(9).
11
Let s = 75 + 4. Let h = 133 + -48. Let t = h - s. Let i(v) = v**3 - 6*v**2 + 4*v - 9. Give i(t).
15
Let z(j) be the third derivative of -j**5/15 - j**4/24 - 3*j**3/2 + 114*j**2. Let u(s) = s**2 + 5. Let m(t) = -5*u(t) - 3*z(t). Determine m(-2).
24
Let i(v) = -2*v**3 - 20*v**2 - v. Let y be 6/8 - (-21 - 2794/(-88)). What is i(y)?
10
Let j(z) = z**2 + 4*z - 8. Let x be 1 - (106 + 5) - (-1 + 5). Let q = 109 + -2. Let s = x + q. What is j(s)?
13
Let j(b) = b**2 + 4*b + 5. Let g(f) be the third derivative of f**6/120 + f**5/30 - 2*f**3/3 + 20*f**2. Let m be g(0). Determine j(m).
5
Let t(s) = -s. Let i be (-4)/2*50/20. Let z(p) = -p**3 - 3*p**2 - 4*p - 3. Let b be z(-2). Let m(a) = -4*a + 5. Let u(d) = b*m(d) + i*t(d). Calculate u(-5).
0
Let v(d) = 51*d - 12. Suppose 17*c - 71*c = 66 + 42. Determine v(c).
-114
Let b(r) = r**2 + 21*r - 63. Let d be (54/(-21))/(117/1092). Calculate b(d).
9
Let b = 799 - 793. Let c = 10 + -5. Let i(x) = -1 - x**2 + 9*x**2 - x**2 - 7*x + c - x**3. Calculate i(b).
-2
Let p(t) = -2*t**2 + 72*t - 52. Let y = 14829 + -14794. What is p(y)?
18
Suppose 0 = -24*a + 15090 + 18942. Let t(n) = -1 - 1429*n + a*n - 2 + 1. Determine t(-2).
20
Let j(g) = -10*g + 10. Let p(s) = 4*s - 4. Suppose 0 = -4*d - d + 25. Let x(v) = d*j(v) + 12*p(v). What is x(7)?
-12
Let z(w) = w**3 + 4*w**2 - 20*w + 12. Let n be z(3). Let f(r) be the third derivative of 0 + n*r**2 - r**3 - 1/24*r**4 + 0*r. Give f(0).
-6
Let w(j) = -j**3 + 6*j**2 + j + 5. Let x(k) = -k**2 - 8*k + 29. Let n be x(-9). Let o be (-2)/(-7)*10/(n/42). Calculate w(o).
11
Let l = 14 + -21. Let g(n) be the second derivative of n**5/60 + 3*n**4/8 + 2*n**3/3 - 8*n**2 + 25*n. Let h(x) be the first derivative of g(x). What is h(l)?
-10
Suppose 2 = 3*l + 20. Let u(j) = 66*j**2 + 7*j + 7. Let t(a) = 16*a**2. Let q(f) = -4*t(f) + u(f). Determine q(l).
37
Let i be (-8 + 104/16)*2*-1. Let n(v) = 3*v + 68 + 4*v**2 - 24 + v**i - 37. Suppose -x + 0*x = 4. Give n(x).
-5
Let n(m) = 354 - 14*m - 369 + 10*m**2 - 8*m**2 + 0*m - 3*m**2. Suppose 2*w - 17 = u, -3*w + 6 = -0. What is n(u)?
-2
Let l be ((-180)/(-16))/((42/(-16))/(-7)). Suppose 33*h - 18 = l*h. Let i(r) = r**3 - 7*r**2 + 2*r + 4. Give i(h).
-20
Let u(x) = -21 + 5*x + 3 + 11 + 8. Let d(t) = -130*t - 25. Let j(g) = -d(g) - 25*u(g). Let q be 19/(-7) - 4/14. What is j(q)?
-15
Let o(i) = -2*i**3 + 2*i**2 - 2*i + 1. Let a = -1441 - -1442. Calculate o(a).
-1
Suppose 56*f - 63 = 47*f. Let a(x) = x + 22. Determine a(f).
29
Let u(x) = -4*x**3 - 72*x**2 + 23*x + 413. Let g be u(-18). Let a(l) be the first derivative of 3*l**3 - l + 1. Calculate a(g).
8
Let k(u) = 2*u**3 + u**2 - 3*u - 5. Let t = -2002 - -2000. Determine k(t